{"id":16,"date":"2020-11-25T09:34:17","date_gmt":"2020-11-25T14:34:17","guid":{"rendered":"http:\/\/evaluaciones.evaluacion.gob.ec\/revista\/?page_id=16"},"modified":"2021-09-01T11:18:05","modified_gmt":"2021-09-01T16:18:05","slug":"inicio","status":"publish","type":"page","link":"http:\/\/evaluaciones.evaluacion.gob.ec\/revista\/","title":{"rendered":"Revista \u201cCient\u00edfica Educativa\u201d"},"content":{"rendered":"\n<p>Es un \u00f3rgano semestral de difusi\u00f3n (24 de mayo y 26 de noviembre) del Instituto Nacional de Evaluaci\u00f3n Educativa (Ineval) que tiene el prop\u00f3sito de informar a la comunidad educativa, a los especialistas en la materia, a los \u00f3rganos de decisi\u00f3n p\u00fablica, acerca de los productos y resultados de las evaluaciones que realiza permanentemente la entidad, por medio de estudios e investigaciones de car\u00e1cter social y educativo.<\/p>\n\n\n\n<p>Se parte del criterio de que el Ineval posee abundante informaci\u00f3n, la cual, si bien es conocida por los usuarios y por las respectivas autoridades, debe ser procesada y analizada mediante estudios e investigaciones espec\u00edficas que se publiquen para que ayuden a los \u00f3rganos de decisi\u00f3n a tomar las medidas correspondientes y a los especialistas a contribuir en la soluci\u00f3n de los problemas detectados.<\/p>\n\n\n\n<p>La revista \u201cCient\u00edfica Educativa\u201d espera brindar la oportunidad para que los especialistas en la materia puedan publicar sus trabajos a fin de dar a conocer con mayor profundidad la situaci\u00f3n del sistema educativo; adem\u00e1s, establecer\u00e1 relaciones fraternas con otros \u00f3rganos de similar naturaleza, sean nacionales o extranjeros, especialmente los de los institutos de Evaluaci\u00f3n Educativa y las direcciones de Investigaci\u00f3n Educativa de los pa\u00edses de la regi\u00f3n.<\/p>\n\n\n\n<p>Al tratarse de una publicaci\u00f3n eminentemente cient\u00edfica y social, ser\u00e1 evaluada por pares y se efectuar\u00e1 el tr\u00e1mite correspondiente para indexarla en alguna de las bases de datos internacionales, como Latindex o Scopus.<\/p>\n\n\n\n<h2>Objetivos<\/h2>\n\n\n\n<p>La Revista \u201cCient\u00edfica Educativa\u201d ser\u00e1 un \u00f3rgano de difusi\u00f3n del Instituto Nacional de Evaluaci\u00f3n Educativa (Ineval) y deber\u00e1 cumplir con los siguientes objetivos:<\/p>\n\n\n\n<ul><li>Difundir los trabajos en materia de evaluaci\u00f3n e investigaci\u00f3n educativa producidos en el seno de la instituci\u00f3n aprovechando la informaci\u00f3n estad\u00edstica, educativa y socioecon\u00f3mica que posee la instituci\u00f3n como resultado de las evaluaciones nacionales e internacionales que realiza en el pa\u00eds de manera permanente con los diferentes aspectos que forman parte del sistema educativo.<\/li><\/ul>\n\n\n\n<ul><li>Fomentar entre los docentes, estudiantes y ciudadan\u00eda en general la idea de que la evaluaci\u00f3n no es un instrumento de castigos y recompensas sino un mecanismo para conocer la real situaci\u00f3n educativa y plantear los correctivos necesarios a fin de lograr el mejoramiento de la situaci\u00f3n actual.&nbsp;<\/li><\/ul>\n\n\n\n<ul><li>Crear entre los docentes, estudiantes y miembros del sistema educativo una cultura de la evaluaci\u00f3n que asegure la contribuci\u00f3n de todos los actores en el desarrollo de los procesos evaluatorios.<\/li><\/ul>\n\n\n\n<ul><li>Dar oportunidad a los investigadores y evaluadores educativos nacionales y extranjeros que divulguen sus investigaciones, sus metodolog\u00edas, sus resultados, sus dificultades y fortalezas en los procesos de investigaci\u00f3n y evaluaci\u00f3n educativa.<\/li><\/ul>\n","protected":false},"excerpt":{"rendered":"<p>Es un \u00f3rgano semestral de difusi\u00f3n (24 de mayo y 26 de noviembre) del Instituto Nacional de Evaluaci\u00f3n Educativa (Ineval) que tiene el prop\u00f3sito de informar a la comunidad educativa, a los especialistas en la materia, a los \u00f3rganos de decisi\u00f3n p\u00fablica, acerca de los productos y resultados de las evaluaciones que realiza permanentemente la [&hellip;]<\/p>\n","protected":false},"author":1,"featured_media":0,"parent":0,"menu_order":0,"comment_status":"closed","ping_status":"closed","template":"","meta":{"kt_blocks_editor_width":""},"_links":{"self":[{"href":"http:\/\/evaluaciones.evaluacion.gob.ec\/revista\/wp-json\/wp\/v2\/pages\/16"}],"collection":[{"href":"http:\/\/evaluaciones.evaluacion.gob.ec\/revista\/wp-json\/wp\/v2\/pages"}],"about":[{"href":"http:\/\/evaluaciones.evaluacion.gob.ec\/revista\/wp-json\/wp\/v2\/types\/page"}],"author":[{"embeddable":true,"href":"http:\/\/evaluaciones.evaluacion.gob.ec\/revista\/wp-json\/wp\/v2\/users\/1"}],"replies":[{"embeddable":true,"href":"http:\/\/evaluaciones.evaluacion.gob.ec\/revista\/wp-json\/wp\/v2\/comments?post=16"}],"version-history":[{"count":5,"href":"http:\/\/evaluaciones.evaluacion.gob.ec\/revista\/wp-json\/wp\/v2\/pages\/16\/revisions"}],"predecessor-version":[{"id":373,"href":"http:\/\/evaluaciones.evaluacion.gob.ec\/revista\/wp-json\/wp\/v2\/pages\/16\/revisions\/373"}],"wp:attachment":[{"href":"http:\/\/evaluaciones.evaluacion.gob.ec\/revista\/wp-json\/wp\/v2\/media?parent=16"}],"curies":[{"name":"wp","href":"https:\/\/api.w.org\/{rel}","templated":true}]}}