{"id":18,"date":"2020-11-25T10:53:35","date_gmt":"2020-11-25T15:53:35","guid":{"rendered":"http:\/\/evaluaciones.evaluacion.gob.ec\/revista\/?page_id=18"},"modified":"2021-09-01T09:53:29","modified_gmt":"2021-09-01T14:53:29","slug":"comite-editorial","status":"publish","type":"page","link":"http:\/\/evaluaciones.evaluacion.gob.ec\/revista\/comite-editorial\/","title":{"rendered":"Comit\u00e9 Editorial"},"content":{"rendered":"\n<p>De la conformaci\u00f3n del Comit\u00e9 y Consejo Editorial: los 2\/3 de miembros son externos a la instituci\u00f3n; y, el 50% de sus miembros pertenecen a instituciones internacionales. A continuaci\u00f3n los detalles.<\/p>\n\n\n\n<p><strong>Director Revista<\/strong><\/p>\n\n\n\n<ul><li>Ph.D. Gustavo Eduardo Salgado, director Ejecutivo del Instituto Nacional de Evaluaci\u00f3n Educativa.<\/li><\/ul>\n\n\n\n<p><strong>Directora Editorial<\/strong><\/p>\n\n\n\n<ul><li>Ph.D. M\u00f3nica Urig\u00fcen, asesora pedag\u00f3gica del Instituto Nacional de Evaluaci\u00f3n Educativa.<\/li><\/ul>\n\n\n\n<p><strong>Comit\u00e9 Editorial<\/strong><\/p>\n\n\n\n<ul><li>Ph.D. M\u00f3nica Urig\u00fcen, asesora pedag\u00f3gica del Instituto Nacional de Evaluaci\u00f3n Educativa.<\/li><li>Ph.D. Enma Campozano, presidenta interina de la Asociaci\u00f3n Ecuatoriana para el Fomento de la Investigaci\u00f3n Educativa, AsEFIE y profesora de la Universidad Nacional de Educaci\u00f3n (UNAE).<\/li><\/ul>\n\n\n\n<p><strong>Consejo Editorial<\/strong><\/p>\n\n\n\n<ul><li>Ph.D. Enma Campozano, presidenta interina de la Asociaci\u00f3n Ecuatoriana para el Fomento de la Investigaci\u00f3n Educativa, AsEFIE y profesora de la Universidad Nacional de Educaci\u00f3n (UNAE).<\/li><li>Ph.D. Eugenio Gonz\u00e1lez, consultor y gerente principal de Proyectos de Investigaci\u00f3n en el Educational Testing Service (ETS).<\/li><li>Ph.D. Harvey S\u00e1nchez, presidente Ejecutivo de la Agencia Latinoamericana de Evaluaci\u00f3n y Pol\u00edtica P\u00fablica y consejero T\u00e9cnico de Alto Nivel del Laboratorio Latinoamericano de Evaluaci\u00f3n de la Calidad de la Educaci\u00f3n Llece-Unesco.<\/li><li>Dr. Javier Murillo Torrecilla, director de la catedra Unesco en Educaci\u00f3n para la Justicia Social de la Universidad Aut\u00f3noma de Madrid.<\/li><li>Dra. Magaly Robalino Campos, investigadora del Centro Nacional de Investigaciones Sociales y Educativas (Cenaise).<\/li><li>Ph.D. Mar\u00eda Jos\u00e9 Ram\u00edrez, consultora en educaci\u00f3n.<\/li><li>Dr. Mariano Herrera, profesor de la Universidad &nbsp;de Especialidades Esp\u00edritu Santo (UEES).<\/li><li>Dr. Santiago Cueto, investigador principal del Grupo de An\u00e1lisis para el Desarrollo, Grade.<\/li><li>Ph.D. Xavier Ord\u00f3\u00f1ez, docente de la Universidad Complutense.<\/li><\/ul>\n\n\n\n<p><strong>COMIT\u00c9 EDITORIAL DE LA REVISTA CIENT\u00cdFICA EDUCATIVA DEL INEVAL<\/strong><\/p>\n\n\n\n<figure class=\"wp-block-table is-style-regular\">\n    <table BORDER CELLPADDING=10 CELLSPACING=0>\n        <tbody>\n            <trstyle=\"border: 1px solid black\">\n                <td>  <\/td>\n                <td><strong>NOMBRES<\/strong><\/td>\n                <td><strong>APELLIDOS<\/strong><\/td>\n                <td><strong>RESPONSABILIDAD<\/strong><\/td>\n                <td><strong>INSTITUCION<\/strong><\/td>\n                <td><strong>CARGO<\/strong><\/td>\n                <td><strong>CIUDAD, PAIS<\/strong><\/td>\n                <td><strong>CORREO ELECTRONICO<\/strong><\/td>\n                <\/tr>\n                <tr>\n                    <td>1<\/td>\n                    <td>Gonzalo Eduardo<\/td>\n                    <td>Salgado<\/td>\n                    <td>Director de la Revista<\/td>\n                    <td>Ineval&nbsp;<\/td>\n                    <td>Director Ejecutivo<\/td>\n                    <td>Quito, Ecuador<\/td>\n                    <td><a href=\"mailto:eduardo.salgado@evaluacion.gob.ec\">eduardo.salgado@evaluacion.gob.ec<\/a><\/td>\n                <\/tr>\n                <tr>\n                    <td>2<\/td>\n                    <td>M\u00f3nica In\u00e9s<\/td>\n                    <td>Urig\u00fcen Jaramillo<\/td>\n                    <td>Directora Editorial<\/td>\n                    <td>Ineval&nbsp;<\/td>\n                    <td>Asesora Acad\u00e9mica &#8211; Pedag\u00f3gica<\/td>\n                    <td>Quito, Ecuador<\/td>\n                    <td><a href=\"mailto:monica.uriguen@evaluacion.gob.ec\">monica.uriguen@evaluacion.gob.ec<\/a><\/td>\n                <\/tr>\n                <tr>\n                    <td>3<\/td>\n                    <td>Enma Polinia<\/td>\n                    <td>Capozano Avil\u00e9s<\/td>\n                    <td>Miembro<\/td>\n                    <td>UNAE\/ASEFIE<\/td>\n                    <td>Directora de carrera de Educaci\u00f3n B\u00e1sica \/ Presidenta interina ASEFIE<\/td>\n                    <td>Azogues, Ecuador<\/td>\n                    <td><a href=\"mailto:enmacampgye@gmail.com\">enmacampgye@gmail.com<\/a><\/td>\n                <\/tr>\n        <\/tbody>\n    <\/table>\n<\/figure>\n\n\n\n<div class=\"wp-block-group\"><div class=\"wp-block-group__inner-container\">\n<p><strong>CONSEJO EDITORIAL DE LA REVISTA CIENT\u00cdFICA EDUCATIVA DEL INEVAL<\/strong><\/p>\n\n\n\n<figure class=\"wp-block-table is-style-regular\"><table cellspacing=\"0\" cellpadding=\"10\" border=\"\"><thead><tr>  <th style=\"width: 50px\"><\/th><th>NOMBRES<\/th><th><strong>APELLIDOS<\/strong><\/th><th><strong>RESPONSABILIDAD<\/strong><\/th><th><strong>INSTITUCION<\/strong><\/th><th><strong>CARGO<\/strong><\/th><th><strong>CIUDAD, PAIS<\/strong><\/th><th><strong>CORREO ELECTRONICO<\/strong><\/th><\/tr><\/thead><tbody><tr><td>4<\/td><td>Santiago&nbsp;<\/td><td>Cueto Caballero<\/td><td>Miembro<\/td><td>Grupo de An\u00e1lisis para el Desarrollo<\/td><td>Investigador Principal de GRADE<\/td><td>Lima, Per\u00fa<\/td><td><a href=\"mailto:scueto@grade.org.pe\">scueto@grade.org.pe<\/a><\/td><\/tr><tr><td>5<\/td><td>Eugenia<\/td><td>Gonzalez<\/td><td>Miembro<\/td><td>Educational Testing Services<\/td><td>Gerente de Proyectos<\/td><td>Princeton, EEUU<\/td><td><a href=\"mailto:egonzalez@etc.org\">egonzalez@etc.org<\/a><\/td><\/tr><tr><td>6<\/td><td>Mariano Ignacio<\/td><td>Herrera P\u00e9rez<\/td><td>Miembro<\/td><td>UESS<\/td><td>Profesor Posgrados<\/td><td>Guayaquil, Ecuador<\/td><td><a href=\"mailto:marianoherrerap@gmail.com\">marianoherrerap@gmail.com&nbsp;<\/a><\/td><\/tr><tr><td>7<\/td><td>F. Javier<\/td><td>Murillo<\/td><td>Miembro<\/td><td>Universidad Aut\u00f3noma de Madrid<\/td><td>Director de la Catedra UNMESCO en Educaci\u00f3n para la Justicia Social<\/td><td>Madrid, Espa\u00f1a<\/td><td><a href=\"mailto:javier.murillo@uam.es\">javier.murillo@uam.es<\/a><\/td><\/tr><tr><td>8<\/td><td>Xavier G.<\/td><td>Ordo\u00f1ez&nbsp;<\/td><td>Miembro<\/td><td>Universidad Complutense de Madrid<\/td><td>Profesor &#8211; Investigador<\/td><td>Madrid, Espa\u00f1a<\/td><td><a href=\"mailto:xavor@ucm.es\">xavor@ucm.es<\/a><\/td><\/tr><tr><td>9<\/td><td>Mar\u00eda Jos\u00e9<\/td><td>Ram\u00edrez<\/td><td>Miembro<\/td><td>&nbsp;<\/td><td>Consultora independiente<\/td><td>Alexandria, VA, EEUU<\/td><td><a href=\"mailto:mariajose.ramirez001@gmail.com\">mariajose.ramirez001@gmail.com<\/a><\/td><\/tr><tr><td>10<\/td><td>Magaly<\/td><td>Robalino Campos<\/td><td>Miembro<\/td><td>CENAISE<\/td><td>Investigadora<\/td><td>Quito, Ecuador<\/td><td><a href=\"mailto:magalyrobalino@hotmail.com\">magalyrobalino@hotmail.com<\/a><\/td><\/tr><tr><td>11<\/td><td>Harvey Spencer<\/td><td>S\u00e1nchez Restrepo<\/td><td>Miembro<\/td><td>Agencia Latinoamericana de Evaluaci\u00f3n<\/td><td>Presidente Ejecutivo<\/td><td>M\u00e9xico y Chile<\/td><td><a href=\"mailto:harvey@aleph.la\">harvey@aleph.la<\/a><\/td><\/tr><tr><td>12<\/td><td>Andrea<\/td><td>Garz\u00f3n<\/td><td>&nbsp;<\/td><td>Ineval&nbsp;<\/td><td>Directora de Comunicaci\u00f3n<\/td><td>Quito, Ecuador<\/td><td><a href=\"mailto:andrea.garzon@evaluacion.gob.ec\">andrea.garzon@evaluacion.gob.ec<\/a><\/td><\/tr><tr><td>13<\/td><td>Karina<\/td><td>A\u00f1azco<\/td><td>&nbsp;<\/td><td>Ineval&nbsp;<\/td><td>Directora de Informaci\u00f3n Geoestad\u00edstica y Psicom\u00e9trica<\/td><td>&nbsp;<\/td><td><a href=\"mailto:karina.anazco@evaluacion.gob.ec\">karina.anazco@evaluacion.gob.ec<\/a><\/td><\/tr><\/tbody><\/table><\/figure>\n<\/div><\/div>\n\n\n\n<p><\/p>\n","protected":false},"excerpt":{"rendered":"<p>De la conformaci\u00f3n del Comit\u00e9 y Consejo Editorial: los 2\/3 de miembros son externos a la instituci\u00f3n; y, el 50% de sus miembros pertenecen a instituciones internacionales. A continuaci\u00f3n los detalles. Director Revista Ph.D. Gustavo Eduardo Salgado, director Ejecutivo del Instituto Nacional de Evaluaci\u00f3n Educativa. Directora Editorial Ph.D. M\u00f3nica Urig\u00fcen, asesora pedag\u00f3gica del Instituto Nacional [&hellip;]<\/p>\n","protected":false},"author":1,"featured_media":0,"parent":0,"menu_order":0,"comment_status":"closed","ping_status":"closed","template":"","meta":{"kt_blocks_editor_width":""},"_links":{"self":[{"href":"http:\/\/evaluaciones.evaluacion.gob.ec\/revista\/wp-json\/wp\/v2\/pages\/18"}],"collection":[{"href":"http:\/\/evaluaciones.evaluacion.gob.ec\/revista\/wp-json\/wp\/v2\/pages"}],"about":[{"href":"http:\/\/evaluaciones.evaluacion.gob.ec\/revista\/wp-json\/wp\/v2\/types\/page"}],"author":[{"embeddable":true,"href":"http:\/\/evaluaciones.evaluacion.gob.ec\/revista\/wp-json\/wp\/v2\/users\/1"}],"replies":[{"embeddable":true,"href":"http:\/\/evaluaciones.evaluacion.gob.ec\/revista\/wp-json\/wp\/v2\/comments?post=18"}],"version-history":[{"count":37,"href":"http:\/\/evaluaciones.evaluacion.gob.ec\/revista\/wp-json\/wp\/v2\/pages\/18\/revisions"}],"predecessor-version":[{"id":347,"href":"http:\/\/evaluaciones.evaluacion.gob.ec\/revista\/wp-json\/wp\/v2\/pages\/18\/revisions\/347"}],"wp:attachment":[{"href":"http:\/\/evaluaciones.evaluacion.gob.ec\/revista\/wp-json\/wp\/v2\/media?parent=18"}],"curies":[{"name":"wp","href":"https:\/\/api.w.org\/{rel}","templated":true}]}}